+ 76*u - 59. Let q be c(-26). Let t(x) = 4*x - 10. Determine t(q).
-38
Let m(u) = 4 - 2*u + 0*u - 3. Let p be (-4)/(-4)*-15*5/25. Determine m(p).
7
Let d be (-1)/(-4)*0/(-6). Let l(h) be the second derivative of 2*h**3/3 + 6*h**2 + 2*h. Let i(a) = 11*a + 35. Let p(v) = -3*i(v) + 8*l(v). What is p(d)?
-9
Let j(s) = -95*s + 3 + 187*s - 95*s. Suppose -5 = h - 8. Determine j(h).
-6
Let p(g) = 19*g - 2. Let f(y) = 41*y - 4. Let t(j) = 6*f(j) - 13*p(j). Determine t(-9).
11
Let s be (-11)/22*(2 + -12) - 11. Let d(x) = -x + 3. What is d(s)?
9
Suppose -5*p + 19 + 6 = 0. Let j(i) = -1. Let s(k) = -2*k - 18. Let f(r) = -r - 9. Let x(o) = -5*f(o) + 3*s(o). Let d(a) = -2*j(a) + x(a). Determine d(p).
-12
Let d(n) = n + 4. Let x be (-124)/28 + (-16)/28. Calculate d(x).
-1
Let k(b) be the first derivative of -b**4/4 + 5*b**3 - 15*b**2/2 + 22*b + 219. What is k(14)?
8
Let x(p) be the second derivative of -p**4/12 + 5*p**3/3 + 16*p**2 + 47*p. What is x(13)?
-7
Let l(z) = 4 + 4*z + 6*z + 3*z + 7*z - 21*z. Give l(-3).
7
Let g(f) be the second derivative of f**4/12 + 3*f**3/2 + 8*f**2 + 11*f. Let j be g(-7). Let n(p) = -5*p - 2. What is n(j)?
-12
Suppose 3*v - v = 64. Let j = -25 + v. Let z(w) = 1 - 4*w + 3*w - j*w. What is z(1)?
-7
Suppose 4*t + t + 4*q = 35, 2*t + 2*q = 16. Let s(z) = 4 + 6*z**3 - 2*z**2 - t - 2*z + 2*z. What is s(1)?
5
Let j(d) = d - 2. Let c(s) = -s + 2. Let k(b) = 6*c(b) + 5*j(b). Suppose 2*a - 5*q = -2*q + 28, -2*a = q - 12. Suppose -14 - 2 = a*y. Give k(y).
4
Let l(a) be the third derivative of 0 + 1/60*a**5 + 1/4*a**4 + 0*a + 1/6*a**3 + 13*a**2. Determine l(-5).
-4
Let m(c) = -2*c**2 - 16*c + 3*c + c**3 - 1 + 4*c + 11*c. Give m(3).
14
Let v = 185 + -177. Let g(x) = x**2 - 10*x + 9. Give g(v).
-7
Let k(p) be the first derivative of 0*p**2 - 8/3*p**3 + 0*p + 3/8*p**4 + 1/360*p**6 - 1/120*p**5 + 4. Let w(g) be the third derivative of k(g). Calculate w(0).
9
Let n(c) = -c**3 - 3*c**2 - 3*c - 3. Let g be n(-2). Let w(b) = -2*b**3 - b**2 + b + 2. Let x be w(g). Let j(f) = -6*f + 4*f**2 - 9 - 5*f**x + 5. Give j(-6).
-4
Suppose -4*d + 18 = -6. Suppose 32 = -3*h + 5*o, -4*h - d = o + 6. Let v(k) = k - 15. Let z(i) = -2*i + 31. Let b(t) = h*z(t) - 9*v(t). Give b(5).
6
Let k be -2*(1 - 2) + -2. Let d(i) be the first derivative of i**2/2 + 7*i - 586. What is d(k)?
7
Let h(f) = 0*f + 2*f - 4*f - f - 2. Determine h(3).
-11
Let a(y) be the second derivative of y**4/12 + y**3 + 4*y + 8. Calculate a(-5).
-5
Let z(w) = -3*w + 1. Suppose p = -0*p - h + 3, -4*p - h = -3. Suppose 0 = 2*r + 2*q - 8, 2*r - 5*q = -p*r - 27. Give z(r).
4
Let b(i) be the second derivative of -i**4/12 - 5*i**3/3 - 2*i**2 - 401*i. Let g be (-2)/(-4)*2 - 8. Calculate b(g).
17
Let u(s) = s**2 + 3*s - 3. Suppose 75 = -22*y + 7*y. Give u(y).
7
Let r(k) be the first derivative of -k**3/3 - 3*k**2 - 3*k + 2. Let n be -1*5/5 - 23. Let t = n + 22. Calculate r(t).
5
Let n(q) = -8956*q - 3 + 8957*q + 6. Let l be 7*1*1*-1. Determine n(l).
-4
Let s be (-3)/3 - 5/(-1). Let p(r) = -4 + 2*r**2 - s*r**2 + 2*r**2 + r**2 + 5*r. Determine p(-5).
-4
Suppose 18 = 3*a + 3, 2*s + 20 = 4*a. Suppose 0 = 2*v - 2*n + 2, -2*n = -s*n - 8. Let x(m) = m**2 - 3*m + 2. Give x(v).
2
Let o(c) be the first derivative of 6*c + 1/4*c**4 + 4/3*c**3 - 5/2*c**2 + 19. Determine o(-5).
6
Let d(h) = 2*h**3 - 3*h**2 + 2*h + 5. Let p(i) = 3*i**3 - 5*i**2 + 3*i + 9. Let f(t) = -5*d(t) + 3*p(t). Let w(g) = -35*g - 3393. Let c be w(-97). Give f(c).
-8
Let c = -13 + 14. Let y(v) be the second derivative of -v**4/4 + v**2/2 + v - 30. Calculate y(c).
-2
Let t be 16/(-40) - (-7)/5. Let v be 1 - 0/(t + -3). Let o be (1 - 5)/(-2 + v). Let r(d) = 2*d**2 - 3*d - 4. Give r(o).
16
Let a(m) = -m**3 + 7*m**2 - m - 5. Suppose 3*x = -2*h + 37 - 10, 2*h = -2*x + 20. Suppose x = 3*n - 2*n. Determine a(n).
-12
Let k be (-2)/(18/(-14) + 3 - 2). Let i(s) = -7*s**2 + 1 - k*s**2 + 5*s**2. Suppose 0 = -3*n - 3 - 0. Determine i(n).
-8
Let b(q) = q - q**3 - 7 + 16 - 3 - 7*q**2. Determine b(-7).
-1
Let q(z) be the first derivative of -z**6/360 + z**5/40 - z**4/8 - 7*z**3/3 + 19. Let b(u) be the third derivative of q(u). Calculate b(4).
-7
Let y(s) be the second derivative of s**6/360 - s**5/12 - 16*s**3/3 - 18*s. Let m(b) be the second derivative of y(b). Determine m(10).
0
Let a(k) = -7*k + 239. Let s be a(34). Let c(f) = -14*f - 2. What is c(s)?
-16
Suppose 6*q + 3*p = q + 80, -5*p = -q - 12. Suppose -72*z + 8 = -71*z. Let s(k) = -2*k - 2*k + q - k - z - k**3 + 6*k**2. Give s(5).
5
Let j be 6/(30/(80/(-8))). Let v(a) = 4*a**2 + 5*a + 4. Determine v(j).
10
Let q(r) = r**3 + r**2 + 8*r + 1. Let a(m) = -4*m**3 - 10*m**2 - 34*m - 12. Let o(s) = a(s) + 3*q(s). Determine o(-6).
15
Let b be 3 + (-5 - (-6)/(-2)). Let s(n) = n**3 + 4*n**2 - 2*n + 4. Calculate s(b).
-11
Let t(c) = -20*c**2 + 79*c + 40. Let i(k) = -7*k**2 + 27*k + 14. Let b(u) = 17*i(u) - 6*t(u). Determine b(9).
-56
Let m(d) = d**2 + 6*d + 1. Let g(k) = 3*k**2 + 11*k + 3. Let s(u) = -2*g(u) + 5*m(u). Give s(8).
-1
Let q be (13/(-5))/(1/(-5)). Let b be -2 + (-1 + q - (-7 - -9)). Let o(z) = -2*z**2 + 4*z**2 - 10 - z**2 - 6*z. Calculate o(b).
6
Let d be ((-18)/21)/(-4*5/140). Let u(a) be the second derivative of d*a + 0 - 1/6*a**3 + 0*a**2. Calculate u(-5).
5
Let j(o) = -o**2 - 5*o + 1. Let x be (-33)/(-4) + 22/(-88). Suppose -u - x = u. Calculate j(u).
5
Suppose 2*o - 4 = 0, 4*o = s + 281 - 763. Let b be (-2)/6 + s/21. Let v(k) = -2*k + 2*k + b*k**2 + 6 - 24*k**2. Calculate v(0).
6
Let y = -157 + 166. Let v(f) = f**2 + 2 - y*f**2 - 30*f + 29*f + 9*f**2. What is v(-2)?
8
Let x be ((-18)/(-8))/((-21)/(-1400)). Let k be x/24 - 2/8. Suppose 5*b - k = -2*s, 12 = -0*s + 4*s + 3*b. Let h(v) = 2*v + 1. What is h(s)?
7
Let z be 666/8 + (-3)/12. Suppose -5*v = -g - z, 2*v = -2*v + 5*g + 79. Let x = v - 22. Let d(k) = k**3 + 7*k**2 + 5*k + 2. What is d(x)?
8
Let m(x) = 2*x**2 + x - 1. Suppose -5*r - 2 = 3*z + 23, 4*r - 4*z = 12. Let y be (-1)/((2/r)/1). Suppose 2*h + y = 3. What is m(h)?
2
Let u(x) = 3*x**2 + 10*x - 15. Let r(k) = 8*k**2 + 29*k - 43. Let t(l) = -4*r(l) + 11*u(l). Calculate t(4).
-1
Let p(v) = -v**2 - 4*v - 4. Let b be p(-6). Let i = 16 + b. Let o(k) = -k - 5. What is o(i)?
-5
Let w(m) be the second derivative of -4*m**3/3 + 3*m**2 - 116*m. Give w(5).
-34
Let j(t) = t**2 + 6*t + 5. Let d(i) = i**2 + i + 1. Let g(s) = -2*d(s) + j(s). Let n(m) be the first derivative of g(m). Give n(5).
-6
Let v = -735 - -744. Let u(c) = -2*c + 13. Give u(v).
-5
Let m(j) = 2*j**2 - 1. Let a(s) = 9*s**2 - 7*s + 8. Let b(x) = a(x) - 4*m(x). What is b(5)?
2
Let c(w) = -5*w**2 - 1. Let z(p) = -6*p**2 - 1. Let y(u) = 5*c(u) - 4*z(u). What is y(-3)?
-10
Let d(o) = 3*o + 114. Let x be d(-37). Let i(z) = -5*z**3 - 10*z**2 + 5*z + 2. Let m(a) = -4*a**3 - 9*a**2 + 5*a + 1. Let j(q) = 5*i(q) - 6*m(q). Give j(x).
-2
Let g = 11 + -3. Let y(j) = -3*j + 3*j + g - 8*j + j**2. Suppose c - 5 - 1 = 0. Calculate y(c).
-4
Suppose -5*c + 2*m - m = 15, 4*c + 5*m = -41. Let j(w) = -1. Let t(u) = -u + 3. Let q be ((-2)/3)/((-2)/3). Let z(s) = q*t(s) + 6*j(s). Determine z(c).
1
Suppose h - 5 = -3*d, -h - 6*d + 3 = -5*d. Suppose -h = 4*b - 14. Let m(w) = w - 6. What is m(b)?
-3
Let b(r) = -3 - 6 + 3*r - 5*r + r. Let u be b(-9). Let l(k) = k. Determine l(u).
0
Let p = 25 + 73. Let k = p - 107. Let c(y) = y + 12. What is c(k)?
3
Suppose -47*r = -45*r - 4. Let f(g) = 3*g + 3. Let x(k) = 17*k + 16. Let c(o) = r*x(o) - 11*f(o). What is c(4)?
3
Let n(c) = 4*c + 4*c**2 - 2*c**2 + 0*c**2 - 3*c**2 + 7. Let x be n(5). Let l(v) = -1 - v - 1390*v**2 + 1389*v**2 + 4*v. Determine l(x).
1
Let p(x) = 10*x + 1. Suppose -8*z + 13*z - 15 = 0. Let r(s) be the third derivative of -s**5/60 + s**4/6 - 2*s**3/3 - s**2. Let h be r(z). Calculate p(h).
-9
Let t(w) be the first derivative of -3*w - w**3 - 2 - 4*w - 7 + 2*w**2. Let r(s) be the first derivative of t(s). What is r(3)?
-14
Suppose 2*z = -2, -4*x - 5*z + z = 20. Let v(c) = c**3 + 3*c**2 - 2*c - 4. What is v(x)?
-12
Let b be 37 + -30 + 1 + -3. Let f(a) be the third derivative of -a**5/60 + a**4/4 - a**3/2 - 3*a**2. What is f(b)?
2
Let y(s) = s**2 + 5*s + 5. Let n be y(-4). Let w = 5 + n. Let b(i) = i**2 + 5 - 2 - w. Give b(0).
-3
Let o(x) = x**3 + 14*x**2 + 25*x + 11. Let z be o(-12). Let a(q) = 9*q + 